02. List the prime factors of o.
3, 1019
Suppose 0 = 5*j - 3*u + 2*u - 514, -414 = -4*j - 2*u. Suppose -4*d + 160 = -3*d - 3*c, 4*c = 20. Let w = d - j. What are the prime factors of w?
2, 3
Let u(l) = -3 - 56*l**2 - 26 + 7*l**3 - 54*l - 6*l**3 + 20*l**2. List the prime factors of u(38).
3, 269
Let c(b) = -439*b + 3037. What are the prime factors of c(-28)?
15329
Suppose 47*k - 11552 = 28*k. Let r = 1500 - k. What are the prime factors of r?
2, 223
Let s = -5047 + 7324. What are the prime factors of s?
3, 11, 23
Suppose 20*m = 3*m - 15946. Let i = m - -1463. List the prime factors of i.
3, 5, 7
Let v(w) = -14*w**3 - 9*w**2 - 65*w - 294. List the prime factors of v(-5).
2, 389
What are the prime factors of -10 + -1 + 11342 + 21?
2, 3, 11, 43
Let c(p) = -p**3 + 8*p**2 - 8*p + 11. Let k be c(7). Let z be 3 - ((k - 58) + 3). Suppose 0 = 5*v - z - 31. List the prime factors of v.
17
Suppose -28*z + 1902 - 194 = 0. Let t = z - -25. What are the prime factors of t?
2, 43
Let y(w) be the second derivative of w**5/20 + w**4/3 - 5*w**3/3 - 5*w**2 - w. Let b be y(-4). What are the prime factors of b + (0/(-3) - (3 + 0))?
3
Let t(i) = 50*i**2 - 19*i - 4 + 45*i**2 - 90*i**2. What are the prime factors of t(-5)?
2, 3
Let m(c) = -c**2 + 12*c - 9. Let z be m(11). Suppose -3*f = z*y - 3*y + 172, -476 = -3*y - f. Let i = 319 - y. What are the prime factors of i?
3, 53
Let j(i) = -9*i**2 - 5*i + 46. Let k(l) = -18*l**2 - 9*l + 93. Let t(x) = 9*j(x) - 5*k(x). What are the prime factors of t(7)?
2, 3, 5, 13
Let w(a) = -5*a - 28. Let f be w(-8). Suppose -1 = d - 2*k - f, 2*k = 3*d - 17. Suppose -c + 5*l + 22 = 0, d*c - 12 = -0*c - 3*l. List the prime factors of c.
7
Let y(p) = p**2 + 22*p - 23. Let m be y(-25). Suppose -868 = -2*i - m. What are the prime factors of i?
2, 3, 17
Let o = -8536 - -26785. List the prime factors of o.
3, 7, 11, 79
Suppose 5*x - 3 = 2. Let t(v) = 8*v - 3. Let z be t(x). Suppose z*a - 520 = 30. What are the prime factors of a?
2, 5, 11
Let k = -126 - -133. Suppose -533 = -k*q + 209. List the prime factors of (q - (0 + 4)) + 5.
107
Let w(g) = -4*g + 440. Let f = 210 - 210. What are the prime factors of w(f)?
2, 5, 11
Let m(w) = -4*w**3 + 243*w**2 + 97*w - 102. List the prime factors of m(56).
2, 3, 31, 349
Let x = -207 - -203. Let d(n) = -23 - 12*n + 41 - 23 - 2*n**2. List the prime factors of d(x).
11
Suppose 3*l = 17 + 343. What are the prime factors of (-22 - -4)/((-3)/l)?
2, 3, 5
Let c = 2163 + 423. Suppose -10*i + c = -294. List the prime factors of i.
2, 3
Suppose 30 = -x + 6*x + 4*h, -h + 5 = 0. Suppose -x*w + 203 + 469 = 0. Suppose -41*p = -45*p + w. What are the prime factors of p?
2, 3, 7
Suppose 79*r - 140976 = 1654773. List the prime factors of r.
3, 7577
What are the prime factors of 5 - 19 - (-1029)/1?
5, 7, 29
Let z be (175/(-10))/(3/(-6)). Suppose -64*q = -69*q + z. Suppose -s - 370 = -2*k, -s - 557 = 4*k - q*k. List the prime factors of k.
11, 17
Let u(q) = -9*q**2 + 34*q - 25. Let d(g) = -5*g**2 + 17*g - 12. Let t(n) = 7*d(n) - 4*u(n). Let r be t(20). List the prime factors of 2 + (r/3)/(1/3).
2, 3, 13
Suppose 3 = 5*q - 7, 2*o = -5*q + 182. Let s = o - 81. Suppose 8*u = s*u + 492. List the prime factors of u.
2, 41
Let l = 427 - 425. Let v be 526/6 + (-1)/(-3). Suppose 5*c - 154 = -x, -l*c - 5*x + v = c. List the prime factors of c.
31
Suppose -3*p - 284 = -2*i + p, -2*i = -p - 269. Suppose -3*x = 6 - i. Let f = x + -25. List the prime factors of f.
17
Let k(h) = 51*h**2 + 4*h + 7. Let w(u) = -52*u**2 - 3*u - 6. Let y(r) = -5*k(r) - 6*w(r). Let i be y(-2). What are the prime factors of -3*(-8)/(-6) + -1 + i?
2, 3, 19
Let d be 2*(3 - (-18)/4). Suppose 29*i - 612 = -22*i. What are the prime factors of i/d + (-636)/(-5)?
2
Suppose -6*i = -202 - 1274. Let f = 443 + i. What are the prime factors of f?
13, 53
Suppose -l + 125 = -5*x - 49, -3*x = -2*l + 110. What are the prime factors of (-212)/68 + (-4)/x - -671?
2, 167
Let g be (0 + 114/9)*3/(-2). Let z = 13 + g. List the prime factors of (16 - 4)*(-40)/z.
2, 5
Let o(y) = y**2 + 19*y + 50. Let d be o(-16). What are the prime factors of 3 + 288 - (-8)/d?
5, 59
Let h(m) = -2*m**2 - 10*m - 4. Let w be h(-4). Let y be 302 + 104/(-28) + w/(-14). Let r = y - 102. What are the prime factors of r?
2, 7
What are the prime factors of 63/9 - (-916)/8*40?
3, 11, 139
What are the prime factors of ((-10)/(-4))/(30/84528)?
2, 3, 587
Let q = 841 - -3226. Suppose 0 = 67*b - 74*b + q. List the prime factors of b.
7, 83
Let o(v) = -4*v**3 + 3*v**2 - 6*v - 14. Let p be o(-2). List the prime factors of p/4 + 4/(-8).
2, 5
Let k = -85 - -85. Suppose -3*d - 9 = k, -3*h + 0*d - d - 18 = 0. Let y(l) = -l**3 - l**2 + 4*l + 8. List the prime factors of y(h).
2, 11
Let d = -2043 + 7029. List the prime factors of d.
2, 3, 277
Suppose 177856 + 2494 = 13*m - 94743. What are the prime factors of m?
7, 3023
Let g = 18 + 0. List the prime factors of (2 - 4390/15)/((-4)/g).
2, 3, 109
List the prime factors of 31/((-248)/(-85584)) - 2.
2, 7, 191
Suppose 0 = -z - s + 1, -5*z - 5*s = -2*z + 3. Suppose -z*i + 1504 = 2*v, 2*i - i = 2*v + 381. What are the prime factors of i?
13, 29
What are the prime factors of ((-2 - 1) + (-32340)/(-3))*(4 - -1)?
5, 13, 829
Let h(x) = -x**2 - 1. Let o(g) = -g**3 + 9*g**2 - 7*g + 5. Let r(b) = -4*h(b) - o(b). Let u be 1 + 10/(-15)*-6. List the prime factors of r(u).
2, 17
Let w(u) = 2*u**2 + u - 18. Let b be w(-20). Let c = b - 295. List the prime factors of c.
467
Let c = -105 - -104. List the prime factors of c + (-3)/((-6)/10) + 711.
5, 11, 13
Suppose -60621 = -5*p + v, -154 + 152 = 2*v. List the prime factors of p.
2, 7, 433
Let c(r) = -r**3 + 73*r**2 - 262*r + 146. What are the prime factors of c(67)?
2, 11, 433
Let i(f) = -4*f**3 - 2*f**2 + 2*f - 5. Let b = 13 + -17. Let o be i(b). What are the prime factors of o + (-4 - -4)/(-4)?
211
Suppose 3*t - 9*t = -62856. Suppose -t = 50*c - 62*c. What are the prime factors of c?
3, 97
Suppose -24003 = -3*u - g + 43899, -g = u - 22632. List the prime factors of u.
3, 5, 503
Suppose -59*d - 56 = -45*d. List the prime factors of 4365/5 - d - 9.
2, 7, 31
Let y(c) = c**2 + 10*c - 52. Suppose 4*d - 3*d = -24. List the prime factors of y(d).
2, 71
Suppose 0 = -3*c - 2*c + 3265. Suppose 0 = j - 5*o - c, -j - j + 2*o + 1290 = 0. What are the prime factors of j?
643
What are the prime factors of (6/(-105))/1 - (-5018505)/525?
11, 79
Suppose 69*p = 121*p - 726648. What are the prime factors of p?
2, 3, 17, 137
Suppose -4*h + 40*b = 39*b - 15, 0 = 5*h + 5*b - 25. Let t(z) = 36*z - 73. What are the prime factors of t(h)?
71
Let z be 1/4 + 7/4. Suppose -3*f + 4*n + 4 = -0, 2*n + z = 0. Suppose 5*b - 400 = -f*b. List the prime factors of b.
2, 5
Let j(t) = -t**3 + 7*t**2 + 20*t - 52. Let r be j(8). Suppose -r*v + 12*v = -16608. What are the prime factors of v?
3, 173
Suppose 0 = -o + 23*h - 22*h + 9724, 4*h - 24 = 0. What are the prime factors of o?
2, 5, 7, 139
Suppose -2*y + 16349 = -132*x + 137*x, -4*x = y - 8179. List the prime factors of y.
8167
Suppose 126*n = 123*n + 114270. List the prime factors of n.
2, 5, 13, 293
What are the prime factors of 534/(-10680) + (-2186442)/(-40)?
47, 1163
Suppose -4*x + 45036 = 10*b, -3*x - 482*b = -487*b - 33777. What are the prime factors of x?
3, 139
What are the prime factors of (-187310)/(-8) + -34*(-8)/1088?
2, 23, 509
Suppose 2*p = 3*p + 3*a - 300, 0 = -2*p - 4*a + 598. Let o = 574 - p. List the prime factors of o.
277
Suppose -30*l - 5*l = -420. Suppose 0 = -3*i - 2*n + 403, n + 13 = l. What are the prime factors of i?
3, 5
Let f = -64327 - -98013. List the prime factors of f.
2, 16843
Suppose 26*h - 60622 = 9*h. List the prime factors of h.
2, 1783
Let u = 16686 - -21003. List the prime factors of u.
3, 17, 739
Suppose -4*q - 2*i + 3882 = 0, 2*q - 6*q = -4*i - 3876. List the prime factors of q.
2, 5, 97
Let z be 8/76 - 4/38. List the prime factors of 4/(-12)*3 - (z + -106).
3, 5, 7
Suppose -2*k + 3*m = -25, -m + 4*m = 5*k - 49. Let z(j) = -9*j**2 - k - 11*j**2 + 29*j**2 - 3 - 8*j. What are the prime factors of z(-4)?
3, 5, 11
Suppose -94313 = -17*c + 11240. What are the prime factors of c?
7, 887
Let t(w) = -183*w**2 + 6*w - 1. Let a(b) = -184*b**2 + 7*b - 2. Let f(h) = -3*a(h) + 4*t(h). Let l be f(